{"id":4,"date":"2013-07-08T19:22:55","date_gmt":"2013-07-08T19:22:55","guid":{"rendered":"http:\/\/desafioglobal.org\/es\/?page_id=4"},"modified":"2023-02-01T16:35:04","modified_gmt":"2023-02-01T16:35:04","slug":"home","status":"publish","type":"page","link":"http:\/\/desafioglobal.org\/es\/","title":{"rendered":"DESAFIO &#8211; Democratizaci\u00f3n de la Gobernabilidad de los Servicios de Agua y Saneamiento Mediante Innovaciones Socio-t\u00e9cnicas"},"content":{"rendered":"<h2 style=\"padding-left: 30px;\"><strong><em><span style=\"color: #0000ff;\"><span style=\"color: #ff0000;\">\u00a1Nuevo!<\/span> <\/span><\/em><\/strong><\/h2>\n<p><strong>El \u00e1rea de Ciencias Sociales y Humanidades de la secci\u00f3n de Investigaci\u00f3n e Innovaci\u00f3n de la Comisi\u00f3n Europea public\u00f3 una entrevista con el Coordinador de DESAFIO sobre las contribuciones del proyecto a los debates que est\u00e1n teniendo lugar en relaci\u00f3n a la epidemia del virus Zika. <a href=\"http:\/\/ec.europa.eu\/research\/social-sciences\/index.cfm?pg=newspage&amp;item=160225\">Puede leer la entrevista aqu\u00ed (en ingl\u00e9s, espa\u00f1ol y portugu\u00e9s)<\/a><\/strong><\/p>\n<hr>\n<p>&nbsp;<\/p>\n<p>&nbsp;<\/p>\n<p>&nbsp;<\/p>\n<p><strong> <a href=\"http:\/\/desafioglobal.org\/es\/reuniones\/reuniones-abiertas\/reuniones-pos-proyecto\/primera-reunion-pos-proyecto\/\">Seminario especial pos-proyecto &#8211; Recife,<\/a><\/strong><br \/>\n19 de agosto de 2015<\/p>\n<p><span style=\"text-decoration: underline;\">Pasajes de la Mesa de Apertura <\/span><\/p>\n<p><em>Este seminario ayuda a hacer historia en Brasil, la historia de la lucha popular en Brasil, porque tiene relaci\u00f3n con esos grandes desaf\u00edos de la [democratizaci\u00f3n] de la sociedad brasilera en este momento. <\/em><\/p>\n<p><strong>Luciano Roberto Rosas de Siqueira<\/strong>, Vice Intendente de Recife<\/p>\n<p>&nbsp;<\/p>\n<p><em>Las cuestiones [a resolver en Brasil] exigen soluciones que pueden ser aplicadas localmente pero que tambi\u00e9n exigen un proyecto de desarrollo del pa\u00eds, un proyecto de pol\u00edtica de desarrollo urbano, la construcci\u00f3n de ciudades sustentables [&#8230;]. Desde luego ustedes pueden contar con la <a href=\"http:\/\/www.fundaj.gov.br\/\">Fundaci\u00f3n Joaquim Nabuco<\/a>, con nuestros investigadores, analistas, asistentes, para que podamos tener esa discusi\u00f3n y avanzar, consolidar esas experiencias [exitosas que ser\u00e1n discutidas en el seminario]. Lo que estamos solicitando e insistiendo es una pol\u00edtica nacional de financiamiento, una pol\u00edtica de metas, una pol\u00edtica de control social, que se aleje cada vez [de la pol\u00edtica de privatizaci\u00f3n de los servicios de agua y saneamiento que est\u00e1 siendo implementada, porque] no es \u00e9se el pa\u00eds que queremos. Felicitaciones a los organizadores y pueden contar con la Fundaci\u00f3n Joaquim Nabuco en esa estrategia. <\/em><\/p>\n<p><strong>Paulo Rubem Santiago Ferreira<\/strong>, Presidente, Fundaci\u00f3n Joaquim Nabuco<\/p>\n<p>&nbsp;<\/p>\n<p><em>Este seminario llega en un momento muy oportuno. Yo particip\u00e9 en la <a href=\" http:\/\/desafioglobal.org\/es\/reuniones\/reuniones-abiertas\/conferencia\/\">Primera Conferencia Internacional del Proyecto DESAFIO all\u00e1 en la Universidad Federal de Pernambuco <\/a> [&#8230;]. Nosotros estamos aqu\u00ed junto con otros directores del Sindicato de los Urbanitarios para participar en el seminario [&#8230;] este seminario llega en un buen momento, un momento en el que Brasil est\u00e1 en una efervescencia y nosotros nos tenemos que envolver en esa efervescencia para aclarar qu\u00e9 es lo que est\u00e1 mal en este pa\u00eds. Felicitaciones a los organizadores y a todos los que est\u00e1n aqu\u00ed para participar de este seminario. <\/em><\/p>\n<p><strong>Jaime Jos\u00e9<\/strong>, Sindicato de los Urbanitarios, Recife<\/p>\n<p>&nbsp;<\/p>\n<p><em>La FASE integr\u00f3 este proyecto desde el inicio por entender la importancia de la contribuci\u00f3n que un proyecto como este podr\u00eda tener para reforzar la lucha por los servicios de saneamiento y por el control social democr\u00e1tico [&#8230;]. Esperamos que los resultados de la Investigaci\u00f3n contribuyan al avance del proceso de mobilizaci\u00f3n, de control social, para que el tema del saneamiento se convierta en una pol\u00edtica p\u00fablica sistem\u00e1tica, efectiva, y no en una cosa puntual dependiente de quien est\u00e9 en el gobierno.<\/em><\/p>\n<p><strong>Adelmo Ara\u00fajo<\/strong>, Federaci\u00f3n de Organizaciones para la Asistencia Social y Educativa (FASE), Pernambuco, Miembro del <a href=\" http:\/\/desafioglobal.org\/es\/coordinacion\/case-study-advisory-committees\/\">Comit\u00e9 Asesor de Estudio de Caso Local del Proyecto DESAFIO<\/a>, Recife<\/p>\n<p>&nbsp;<\/p>\n<p><em>Podemos decir que el proyecto [DESAFIO] no fue una investigaci\u00f3n sobre servicios de agua y saneamiento, ya que ese tema fue como una ventana a trav\u00e9s de la cual observamos otra cosa que nos interesa m\u00e1s, que es el proceso de democratizaci\u00f3n de la sociedad. El tema de los servicios de agua y saneamiento, el saneamiento b\u00e1sico, es uno de los muchos temas que tienen que ver con la democratizaci\u00f3n de la sociedad, no solamente en el plano electoral sino en el sentido de democratizar a la sociedad en el plano material, concreto, real. De hecho, desde luego vamos a hablar de agua y saneamiento en este seminario, pero lo haremos porque estamos interesados en c\u00f3mo democratizar a la pol\u00edtica de servicios p\u00fablicos, incluyendo la pol\u00edtica de saneamiento b\u00e1sico.<\/em><\/p>\n<p><strong> Jos\u00e9 Esteban Castro<\/strong>, Newcastle University, Coordinador del Proyecto DESAFIO<\/p>\n<p><a href=\"http:\/\/desafioglobal.org\/es\/reuniones\/reuniones-abiertas\/reuniones-pos-proyecto\/primera-reunion-pos-proyecto\/\">Visite la p\u00e1gina del Seminario para ver el Programa, la galer\u00eda fotogr\u00e1fica y los videos de las sesiones<\/a><\/p>\n<hr>\n<p>&nbsp;<\/p>\n<p><strong> La UE public\u00f3 una sinopsis de las principales recomendaciones de DESAFIO en una selecci\u00f3n de los proyectos m\u00e1s relevantes en el \u00e1rea de desarrollo financiados por el S\u00e9ptimo Programa Marco para la investigaci\u00f3n y el desarrollo tecnol\u00f3gico (FP7): <a href=\"https:\/\/research-and-innovation.ec.europa.eu\/document\/download\/df2899d3-51e3-41bf-b264-7b881b03cc95_en\">Open the Door: Social Science Research for Development and a Sustainable Future<\/a><\/strong><\/p>\n<p><a href=\"http:\/\/desafioglobal.org\/es\/wp-content\/uploads\/sites\/2\/2013\/07\/Cover.jpg\"><img decoding=\"async\" loading=\"lazy\" class=\"aligncenter size-medium wp-image-789\" src=\"http:\/\/desafioglobal.org\/es\/wp-content\/uploads\/sites\/2\/2013\/07\/Cover-211x300.jpg\" alt=\"Cover\" width=\"211\" height=\"300\" srcset=\"http:\/\/desafioglobal.org\/es\/wp-content\/uploads\/sites\/2\/2013\/07\/Cover-211x300.jpg 211w, http:\/\/desafioglobal.org\/es\/wp-content\/uploads\/sites\/2\/2013\/07\/Cover-722x1024.jpg 722w, http:\/\/desafioglobal.org\/es\/wp-content\/uploads\/sites\/2\/2013\/07\/Cover-624x885.jpg 624w, http:\/\/desafioglobal.org\/es\/wp-content\/uploads\/sites\/2\/2013\/07\/Cover.jpg 1749w\" sizes=\"(max-width: 211px) 100vw, 211px\" \/><\/a><\/p>\n<p>&nbsp;<\/p>\n<hr>\n<p>&nbsp;<\/p>\n<p><a href=\"http:\/\/ec.europa.eu\/programmes\/horizon2020\/en\/news\/horizon-2020-brief-eu-framework-programme-research-innovation\"><span style=\"color: #0000ff;\">Horizonte 2020<\/span><\/a>, el mayor programa de Investigaci\u00f3n e Innovaci\u00f3n de la UE hasta la fecha, con un financiamiento de cerca de \u20ac80 mil millones, public\u00f3 un informe sobre el progreso de DESAFIO en un art\u00edculo sobre proyectos exitosos financiados por la UE, en el sitio de Internet oficial del programa. <a href=\"http:\/\/ec.europa.eu\/programmes\/horizon2020\/en\/news\/sanitation-gets-social\"><span style=\"color: #0000ff;\">Lea el informe aqu\u00ed.<\/span><\/a><\/p>\n<p>Galer\u00eda fotograf\u00edca del proyecto:<br \/>\n<object width=\"554\" height=\"450\" classid=\"clsid:d27cdb6e-ae6d-11cf-96b8-444553540000\" codebase=\"http:\/\/download.macromedia.com\/pub\/shockwave\/cabs\/flash\/swflash.cab#version=6,0,40,0\"><param name=\"flashvars\" value=\"offsite=true&amp;lang=en-us&amp;page_show_url=%2Fphotos%2F125391306%40N03%2Fsets%2F72157646703365919%2Fshow%2F&amp;page_show_back_url=%2Fphotos%2F125391306%40N03%2Fsets%2F72157646703365919%2F&amp;set_id=72157646703365919&amp;jump_to=\"><param name=\"allowFullScreen\" value=\"true\"><param name=\"src\" value=\"https:\/\/www.flickr.com\/apps\/slideshow\/show.swf?v=1811922554\"><param name=\"allowfullscreen\" value=\"true\"><embed width=\"554\" height=\"450\" type=\"application\/x-shockwave-flash\" src=\"https:\/\/www.flickr.com\/apps\/slideshow\/show.swf?v=1811922554\" flashvars=\"offsite=true&amp;lang=en-us&amp;page_show_url=%2Fphotos%2F125391306%40N03%2Fsets%2F72157646703365919%2Fshow%2F&amp;page_show_back_url=%2Fphotos%2F125391306%40N03%2Fsets%2F72157646703365919%2F&amp;set_id=72157646703365919&amp;jump_to=\" allowfullscreen=\"allowfullscreen\"><\/object><\/p>\n","protected":false},"excerpt":{"rendered":"<p>\u00a1Nuevo! El \u00e1rea de Ciencias Sociales y Humanidades de la secci\u00f3n de Investigaci\u00f3n e Innovaci\u00f3n de la Comisi\u00f3n Europea public\u00f3 una entrevista con el Coordinador de DESAFIO sobre las contribuciones del proyecto a los debates que est\u00e1n teniendo lugar en relaci\u00f3n a la epidemia del virus Zika. Puede leer la entrevista aqu\u00ed (en ingl\u00e9s, espa\u00f1ol [&hellip;]<\/p>\n","protected":false},"author":1,"featured_media":0,"parent":0,"menu_order":0,"comment_status":"closed","ping_status":"open","template":"page-templates\/full-width.php","meta":[],"_links":{"self":[{"href":"http:\/\/desafioglobal.org\/es\/wp-json\/wp\/v2\/pages\/4"}],"collection":[{"href":"http:\/\/desafioglobal.org\/es\/wp-json\/wp\/v2\/pages"}],"about":[{"href":"http:\/\/desafioglobal.org\/es\/wp-json\/wp\/v2\/types\/page"}],"author":[{"embeddable":true,"href":"http:\/\/desafioglobal.org\/es\/wp-json\/wp\/v2\/users\/1"}],"replies":[{"embeddable":true,"href":"http:\/\/desafioglobal.org\/es\/wp-json\/wp\/v2\/comments?post=4"}],"version-history":[{"count":28,"href":"http:\/\/desafioglobal.org\/es\/wp-json\/wp\/v2\/pages\/4\/revisions"}],"predecessor-version":[{"id":1058,"href":"http:\/\/desafioglobal.org\/es\/wp-json\/wp\/v2\/pages\/4\/revisions\/1058"}],"wp:attachment":[{"href":"http:\/\/desafioglobal.org\/es\/wp-json\/wp\/v2\/media?parent=4"}],"curies":[{"name":"wp","href":"https:\/\/api.w.org\/{rel}","templated":true}]}}

DESAFIO &#8211; Democratización de la Gobernabilidad de los Servicios de Agua y Saneamiento Mediante Innovaciones Socio-técnicas

<h2 style="padding-left: 30px;"><strong><em><span style="color: #0000ff;"><span style="color: #ff0000;">¡Nuevo!</span> </span></em></strong></h2>
<p><strong>El área de Ciencias Sociales y Humanidades de la sección de Investigación e Innovación de la Comisión Europea publicó una entrevista con el Coordinador de DESAFIO sobre las contribuciones del proyecto a los debates que están teniendo lugar en relación a la epidemia del virus Zika. <a href="http://ec.europa.eu/research/social-sciences/index.cfm?pg=newspage&amp;item=160225">Puede leer la entrevista aquí (en inglés, español y portugués)</a></strong></p>
<hr>
<p>&nbsp;</p>
<p>&nbsp;</p>
<p>&nbsp;</p>
<p><strong> <a href="http://desafioglobal.org/es/reuniones/reuniones-abiertas/reuniones-pos-proyecto/primera-reunion-pos-proyecto/">Seminario especial pos-proyecto &#8211; Recife,</a></strong><br />
19 de agosto de 2015</p>
<p><span style="text-decoration: underline;">Pasajes de la Mesa de Apertura </span></p>
<p><em>Este seminario ayuda a hacer historia en Brasil, la historia de la lucha popular en Brasil, porque tiene relación con esos grandes desafíos de la [democratización] de la sociedad brasilera en este momento. </em></p>
<p><strong>Luciano Roberto Rosas de Siqueira</strong>, Vice Intendente de Recife</p>
<p>&nbsp;</p>
<p><em>Las cuestiones [a resolver en Brasil] exigen soluciones que pueden ser aplicadas localmente pero que también exigen un proyecto de desarrollo del país, un proyecto de política de desarrollo urbano, la construcción de ciudades sustentables [&#8230;]. Desde luego ustedes pueden contar con la <a href="http://www.fundaj.gov.br/">Fundación Joaquim Nabuco</a>, con nuestros investigadores, analistas, asistentes, para que podamos tener esa discusión y avanzar, consolidar esas experiencias [exitosas que serán discutidas en el seminario]. Lo que estamos solicitando e insistiendo es una política nacional de financiamiento, una política de metas, una política de control social, que se aleje cada vez [de la política de privatización de los servicios de agua y saneamiento que está siendo implementada, porque] no es ése el país que queremos. Felicitaciones a los organizadores y pueden contar con la Fundación Joaquim Nabuco en esa estrategia. </em></p>
<p><strong>Paulo Rubem Santiago Ferreira</strong>, Presidente, Fundación Joaquim Nabuco</p>
<p>&nbsp;</p>
<p><em>Este seminario llega en un momento muy oportuno. Yo participé en la <a href=" http://desafioglobal.org/es/reuniones/reuniones-abiertas/conferencia/">Primera Conferencia Internacional del Proyecto DESAFIO allá en la Universidad Federal de Pernambuco </a> [&#8230;]. Nosotros estamos aquí junto con otros directores del Sindicato de los Urbanitarios para participar en el seminario [&#8230;] este seminario llega en un buen momento, un momento en el que Brasil está en una efervescencia y nosotros nos tenemos que envolver en esa efervescencia para aclarar qué es lo que está mal en este país. Felicitaciones a los organizadores y a todos los que están aquí para participar de este seminario. </em></p>
<p><strong>Jaime José</strong>, Sindicato de los Urbanitarios, Recife</p>
<p>&nbsp;</p>
<p><em>La FASE integró este proyecto desde el inicio por entender la importancia de la contribución que un proyecto como este podría tener para reforzar la lucha por los servicios de saneamiento y por el control social democrático [&#8230;]. Esperamos que los resultados de la Investigación contribuyan al avance del proceso de mobilización, de control social, para que el tema del saneamiento se convierta en una política pública sistemática, efectiva, y no en una cosa puntual dependiente de quien esté en el gobierno.</em></p>
<p><strong>Adelmo Araújo</strong>, Federación de Organizaciones para la Asistencia Social y Educativa (FASE), Pernambuco, Miembro del <a href=" http://desafioglobal.org/es/coordinacion/case-study-advisory-committees/">Comité Asesor de Estudio de Caso Local del Proyecto DESAFIO</a>, Recife</p>
<p>&nbsp;</p>
<p><em>Podemos decir que el proyecto [DESAFIO] no fue una investigación sobre servicios de agua y saneamiento, ya que ese tema fue como una ventana a través de la cual observamos otra cosa que nos interesa más, que es el proceso de democratización de la sociedad. El tema de los servicios de agua y saneamiento, el saneamiento básico, es uno de los muchos temas que tienen que ver con la democratización de la sociedad, no solamente en el plano electoral sino en el sentido de democratizar a la sociedad en el plano material, concreto, real. De hecho, desde luego vamos a hablar de agua y saneamiento en este seminario, pero lo haremos porque estamos interesados en cómo democratizar a la política de servicios públicos, incluyendo la política de saneamiento básico.</em></p>
<p><strong> José Esteban Castro</strong>, Newcastle University, Coordinador del Proyecto DESAFIO</p>
<p><a href="http://desafioglobal.org/es/reuniones/reuniones-abiertas/reuniones-pos-proyecto/primera-reunion-pos-proyecto/">Visite la página del Seminario para ver el Programa, la galería fotográfica y los videos de las sesiones</a></p>
<hr>
<p>&nbsp;</p>
<p><strong> La UE publicó una sinopsis de las principales recomendaciones de DESAFIO en una selección de los proyectos más relevantes en el área de desarrollo financiados por el Séptimo Programa Marco para la investigación y el desarrollo tecnológico (FP7): <a href="https://research-and-innovation.ec.europa.eu/document/download/df2899d3-51e3-41bf-b264-7b881b03cc95_en">Open the Door: Social Science Research for Development and a Sustainable Future</a></strong></p>
<p><a href="http://desafioglobal.org/es/wp-content/uploads/sites/2/2013/07/Cover.jpg"><img decoding="async" loading="lazy" class="aligncenter size-medium wp-image-789" src="http://desafioglobal.org/es/wp-content/uploads/sites/2/2013/07/Cover-211x300.jpg" alt="Cover" width="211" height="300" srcset="http://desafioglobal.org/es/wp-content/uploads/sites/2/2013/07/Cover-211x300.jpg 211w, http://desafioglobal.org/es/wp-content/uploads/sites/2/2013/07/Cover-722x1024.jpg 722w, http://desafioglobal.org/es/wp-content/uploads/sites/2/2013/07/Cover-624x885.jpg 624w, http://desafioglobal.org/es/wp-content/uploads/sites/2/2013/07/Cover.jpg 1749w" sizes="(max-width: 211px) 100vw, 211px" /></a></p>
<p>&nbsp;</p>
<hr>
<p>&nbsp;</p>
<p><a href="http://ec.europa.eu/programmes/horizon2020/en/news/horizon-2020-brief-eu-framework-programme-research-innovation"><span style="color: #0000ff;">Horizonte 2020</span></a>, el mayor programa de Investigación e Innovación de la UE hasta la fecha, con un financiamiento de cerca de €80 mil millones, publicó un informe sobre el progreso de DESAFIO en un artículo sobre proyectos exitosos financiados por la UE, en el sitio de Internet oficial del programa. <a href="http://ec.europa.eu/programmes/horizon2020/en/news/sanitation-gets-social"><span style="color: #0000ff;">Lea el informe aquí.</span></a></p>
<p>Galería fotografíca del proyecto:<br />
<object width="554" height="450" classid="clsid:d27cdb6e-ae6d-11cf-96b8-444553540000" codebase="http://download.macromedia.com/pub/shockwave/cabs/flash/swflash.cab#version=6,0,40,0"><param name="flashvars" value="offsite=true&amp;lang=en-us&amp;page_show_url=%2Fphotos%2F125391306%40N03%2Fsets%2F72157646703365919%2Fshow%2F&amp;page_show_back_url=%2Fphotos%2F125391306%40N03%2Fsets%2F72157646703365919%2F&amp;set_id=72157646703365919&amp;jump_to="><param name="allowFullScreen" value="true"><param name="src" value="https://www.flickr.com/apps/slideshow/show.swf?v=1811922554"><param name="allowfullscreen" value="true"><embed width="554" height="450" type="application/x-shockwave-flash" src="https://www.flickr.com/apps/slideshow/show.swf?v=1811922554" flashvars="offsite=true&amp;lang=en-us&amp;page_show_url=%2Fphotos%2F125391306%40N03%2Fsets%2F72157646703365919%2Fshow%2F&amp;page_show_back_url=%2Fphotos%2F125391306%40N03%2Fsets%2F72157646703365919%2F&amp;set_id=72157646703365919&amp;jump_to=" allowfullscreen="allowfullscreen"></object></p>

<p>¡Nuevo! El área de Ciencias Sociales y Humanidades de la sección de Investigación e Innovación de la Comisión Europea publicó una entrevista con el Coordinador de DESAFIO sobre las contribuciones del proyecto a los debates que están teniendo lugar en relación a la epidemia del virus Zika. Puede leer la entrevista aquí (en inglés, español [&hellip;]</p>
